{"id":1112,"date":"2024-06-06T18:34:13","date_gmt":"2024-06-06T18:34:13","guid":{"rendered":"https:\/\/vrtreinamentos.com.br\/?page_id=1112"},"modified":"2024-07-27T17:13:29","modified_gmt":"2024-07-27T20:13:29","slug":"blog","status":"publish","type":"page","link":"https:\/\/vrtreinamentos.com.br\/?page_id=1112","title":{"rendered":"Blog"},"content":{"rendered":"\t\t<div data-elementor-type=\"wp-page\" data-elementor-id=\"1112\" class=\"elementor elementor-1112\" data-elementor-post-type=\"page\">\n\t\t\t\t\t\t<section data-particle_enable=\"false\" data-particle-mobile-disabled=\"false\" class=\"elementor-section elementor-top-section elementor-element elementor-element-24a2eda1 elementor-section-boxed elementor-section-height-default elementor-section-height-default\" data-id=\"24a2eda1\" data-element_type=\"section\" data-settings=\"{&quot;background_background&quot;:&quot;classic&quot;,&quot;jet_parallax_layout_list&quot;:[]}\">\n\t\t\t\t\t\t\t<div class=\"elementor-background-overlay\"><\/div>\n\t\t\t\t\t\t\t<div class=\"elementor-container elementor-column-gap-default\">\n\t\t\t\t\t<div class=\"elementor-column elementor-col-100 elementor-top-column elementor-element elementor-element-2856b6c1\" data-id=\"2856b6c1\" data-element_type=\"column\">\n\t\t\t<div class=\"elementor-widget-wrap elementor-element-populated\">\n\t\t\t\t\t\t<div class=\"elementor-element elementor-element-bf520ec elementor-invisible elementor-widget elementor-widget-heading\" data-id=\"bf520ec\" data-element_type=\"widget\" data-settings=\"{&quot;_animation&quot;:&quot;fadeInUp&quot;,&quot;_animation_delay&quot;:600}\" data-widget_type=\"heading.default\">\n\t\t\t\t<div class=\"elementor-widget-container\">\n\t\t\t\t\t<h2 class=\"elementor-heading-title elementor-size-default\">Noticias &amp; Artigos<\/h2>\t\t\t\t<\/div>\n\t\t\t\t<\/div>\n\t\t\t\t\t<\/div>\n\t\t<\/div>\n\t\t\t\t\t<\/div>\n\t\t<\/section>\n\t\t<div data-particle_enable=\"false\" data-particle-mobile-disabled=\"false\" class=\"elementor-element elementor-element-29245f3 e-flex e-con-boxed e-con e-parent\" data-id=\"29245f3\" data-element_type=\"container\" data-settings=\"{&quot;background_background&quot;:&quot;classic&quot;,&quot;jet_parallax_layout_list&quot;:[]}\">\n\t\t\t\t\t<div class=\"e-con-inner\">\n\t\t\t\t<div class=\"elementor-element elementor-element-b442dbf elementor-widget elementor-widget-eael-post-list\" data-id=\"b442dbf\" data-element_type=\"widget\" data-widget_type=\"eael-post-list.default\">\n\t\t\t\t<div class=\"elementor-widget-container\">\n\t\t\t\t\t<div class=\"eael-post-list-container advanced layout-advanced\"><div class=\"eael-post-list-header\"><div class=\"header-title\">\n                            <h2 class=\"title\">Postagens recentes<\/h2>\n                        <\/div><div class=\"post-categories\" data-nonce=\"44849c7597\" data-page-id=\"1112\" data-widget-id=\"b442dbf\" data-widget=\"b442dbf\" data-class=\"Essential_Addons_Elementor\\Pro\\Elements\\Post_List\" data-args=\"orderby=date&amp;order=desc&amp;ignore_sticky_posts=1&amp;post_status=publish&amp;posts_per_page=4&amp;offset=0&amp;post_type=post&amp;tax_query%5B0%5D%5Btaxonomy%5D=category&amp;tax_query%5B0%5D%5Bfield%5D=term_id&amp;tax_query%5B0%5D%5Bterms%5D%5B0%5D=26&amp;tax_query%5B0%5D%5Bterms%5D%5B1%5D=27&amp;tax_query%5B0%5D%5Bterms%5D%5B2%5D=28&amp;tax_query%5Brelation%5D=AND&amp;author__in%5B0%5D=1\" data-settings=\"eael_post_list_post_feature_image=yes&amp;eael_post_list_post_meta=yes&amp;eael_post_list_post_title=yes&amp;eael_post_list_post_excerpt=yes&amp;eael_post_list_post_excerpt_length=12&amp;eael_post_list_pagination=yes&amp;eael_post_list_layout_type=advanced&amp;eael_post_list_post_cat=yes&amp;eael_post_list_author_meta=yes&amp;eael_post_list_title_tag=h2&amp;eael_show_read_more_button=yes&amp;eael_post_list_read_more_text=Leia+mais&amp;eael_post_list_excerpt_expanison_indicator=...&amp;eael_post_featured_image_size=large\" data-page=\"1\" data-scroll-on-pagination=\"0\" data-scroll-offset=\"100\" data-template=\"{&quot;dir&quot;:&quot;pro&quot;,&quot;file_name&quot;:&quot;advanced.php&quot;,&quot;name&quot;:&quot;Post-List&quot;}\">\n                            <a href=\"javascript:;\" data-taxonomy=\"all\" data-id=\"\" class=\"active post-list-filter-item post-list-cat-b442dbf\">Todos<\/a><a href=\"javascript:;\" data-taxonomy=\"category\" data-id=\"26\" class=\"\u00c1rea mar\u00edtima post-list-filter-item post-list-cat-b442dbf\">\u00c1rea Mar\u00edtima<\/a><a href=\"javascript:;\" data-taxonomy=\"category\" data-id=\"27\" class=\"\u00c1rea portu\u00e1ria post-list-filter-item post-list-cat-b442dbf\">\u00c1rea Portu\u00e1ria<\/a><a href=\"javascript:;\" data-taxonomy=\"category\" data-id=\"28\" class=\"\u00c1rea industrial post-list-filter-item post-list-cat-b442dbf\">\u00c1rea Industrial<\/a><\/div><\/div><div class=\"eael-post-list-wrap\"><div class=\"eael-post-list-posts-wrap eael-post-appender eael-post-appender-b442dbf\"><div class=\"eael-post-list-post \"><div class=\"eael-post-list-post-inner\"><div class=\"eael-post-list-thumbnail \"><a href=\"https:\/\/vrtreinamentos.com.br\/?p=3368\">\n                <img decoding=\"async\" src=\"https:\/\/vrtreinamentos.com.br\/wp-content\/uploads\/2024\/08\/industrial.webp\" alt=\"\">\n            <\/a><\/div><div class=\"eael-post-list-content\"><h2 class=\"eael-post-list-title\"><a href=\"https:\/\/vrtreinamentos.com.br\/?p=3368\" >Tecnologias de Detec\u00e7\u00e3o de Inc\u00eandio: Novas Tend\u00eancias e Inova\u00e7\u00f5es<\/a><\/h2><div class=\"meta\">\n                    <span><i class=\"far fa-calendar-alt\"><\/i> 30 de agosto de 2024<\/span>\n                <\/div><p>A avalia\u00e7\u00e3o de riscos \u00e9 uma pr\u00e1tica essencial para a seguran\u00e7a em...<\/p><a href=\"https:\/\/vrtreinamentos.com.br\/?p=3368\" class=\"eael-post-elements-readmore-btn\" >Leia mais<\/a><div class=\"boxed-meta\"><div class=\"author-meta\">\n            <a href=\"https:\/\/vrtreinamentos.com.br\/?author=1\" class=\"author-photo\">\n                <img alt='Tecnologias de Detec\u00e7\u00e3o de Inc\u00eandio: Novas Tend\u00eancias e Inova\u00e7\u00f5es-author' src='https:\/\/secure.gravatar.com\/avatar\/8ca81618cca3e71d78383383e431ad328c9d6464b146f680d98f30c6ad5fedfa?s=100&#038;d=mm&#038;r=g' srcset='https:\/\/secure.gravatar.com\/avatar\/8ca81618cca3e71d78383383e431ad328c9d6464b146f680d98f30c6ad5fedfa?s=200&#038;d=mm&#038;r=g 2x' class='avatar avatar-100 photo' height='100' width='100' \/>\n            <\/a>\n\n            <div class=\"author-info\"><h5><a href=\"https:\/\/vrtreinamentos.com.br\/?author=1\" title=\"Posts de Robson Neil\" rel=\"author\">Robson Neil<\/a><\/h5><a href=\"https:\/\/vrtreinamentos.com.br\/?m=20240830\"><p>30 de agosto de 2024<\/p><\/a><\/div>\n        <\/div><div class=\"meta-categories  \">\n            <div class=\"meta-cats-wrap\"><a href=\"https:\/\/vrtreinamentos.com.br\/?cat=28\">\u00c1rea Industrial<\/a><\/div>\n        <\/div><\/div><\/div><\/div><\/div><div class=\"eael-post-list-post \"><div class=\"eael-post-list-post-inner\"><div class=\"eael-post-list-thumbnail \"><a href=\"https:\/\/vrtreinamentos.com.br\/?p=3362\">\n                <img decoding=\"async\" src=\"https:\/\/vrtreinamentos.com.br\/wp-content\/uploads\/2024\/08\/portuaria.webp\" alt=\"\">\n            <\/a><\/div><div class=\"eael-post-list-content\"><h2 class=\"eael-post-list-title\"><a href=\"https:\/\/vrtreinamentos.com.br\/?p=3362\" >Avaliando Riscos: Identifica\u00e7\u00e3o de Pontos Cr\u00edticos em Instala\u00e7\u00f5es Portu\u00e1rias<\/a><\/h2><div class=\"meta\">\n                    <span><i class=\"far fa-calendar-alt\"><\/i> 30 de agosto de 2024<\/span>\n                <\/div><p>A avalia\u00e7\u00e3o de riscos \u00e9 uma pr\u00e1tica essencial para a seguran\u00e7a em...<\/p><a href=\"https:\/\/vrtreinamentos.com.br\/?p=3362\" class=\"eael-post-elements-readmore-btn\" >Leia mais<\/a><div class=\"boxed-meta\"><div class=\"author-meta\">\n            <a href=\"https:\/\/vrtreinamentos.com.br\/?author=1\" class=\"author-photo\">\n                <img alt='Avaliando Riscos: Identifica\u00e7\u00e3o de Pontos Cr\u00edticos em Instala\u00e7\u00f5es Portu\u00e1rias-author' src='https:\/\/secure.gravatar.com\/avatar\/8ca81618cca3e71d78383383e431ad328c9d6464b146f680d98f30c6ad5fedfa?s=100&#038;d=mm&#038;r=g' srcset='https:\/\/secure.gravatar.com\/avatar\/8ca81618cca3e71d78383383e431ad328c9d6464b146f680d98f30c6ad5fedfa?s=200&#038;d=mm&#038;r=g 2x' class='avatar avatar-100 photo' height='100' width='100' \/>\n            <\/a>\n\n            <div class=\"author-info\"><h5><a href=\"https:\/\/vrtreinamentos.com.br\/?author=1\" title=\"Posts de Robson Neil\" rel=\"author\">Robson Neil<\/a><\/h5><a href=\"https:\/\/vrtreinamentos.com.br\/?m=20240830\"><p>30 de agosto de 2024<\/p><\/a><\/div>\n        <\/div><div class=\"meta-categories  \">\n            <div class=\"meta-cats-wrap\"><a href=\"https:\/\/vrtreinamentos.com.br\/?cat=27\">\u00c1rea Portu\u00e1ria<\/a><\/div>\n        <\/div><\/div><\/div><\/div><\/div><div class=\"eael-post-list-post \"><div class=\"eael-post-list-post-inner\"><div class=\"eael-post-list-thumbnail \"><a href=\"https:\/\/vrtreinamentos.com.br\/?p=3354\">\n                <img decoding=\"async\" src=\"https:\/\/vrtreinamentos.com.br\/wp-content\/uploads\/2024\/08\/Area-Maritima.webp\" alt=\"\">\n            <\/a><\/div><div class=\"eael-post-list-content\"><h2 class=\"eael-post-list-title\"><a href=\"https:\/\/vrtreinamentos.com.br\/?p=3354\" >Normas NFPA: Guia para a Seguran\u00e7a Contra Inc\u00eandios em Plataformas Offshore<\/a><\/h2><div class=\"meta\">\n                    <span><i class=\"far fa-calendar-alt\"><\/i> 30 de agosto de 2024<\/span>\n                <\/div><p>A avalia\u00e7\u00e3o de riscos \u00e9 uma pr\u00e1tica essencial para a seguran\u00e7a em...<\/p><a href=\"https:\/\/vrtreinamentos.com.br\/?p=3354\" class=\"eael-post-elements-readmore-btn\" >Leia mais<\/a><div class=\"boxed-meta\"><div class=\"author-meta\">\n            <a href=\"https:\/\/vrtreinamentos.com.br\/?author=1\" class=\"author-photo\">\n                <img alt='Normas NFPA: Guia para a Seguran\u00e7a Contra Inc\u00eandios em Plataformas Offshore-author' src='https:\/\/secure.gravatar.com\/avatar\/8ca81618cca3e71d78383383e431ad328c9d6464b146f680d98f30c6ad5fedfa?s=100&#038;d=mm&#038;r=g' srcset='https:\/\/secure.gravatar.com\/avatar\/8ca81618cca3e71d78383383e431ad328c9d6464b146f680d98f30c6ad5fedfa?s=200&#038;d=mm&#038;r=g 2x' class='avatar avatar-100 photo' height='100' width='100' \/>\n            <\/a>\n\n            <div class=\"author-info\"><h5><a href=\"https:\/\/vrtreinamentos.com.br\/?author=1\" title=\"Posts de Robson Neil\" rel=\"author\">Robson Neil<\/a><\/h5><a href=\"https:\/\/vrtreinamentos.com.br\/?m=20240830\"><p>30 de agosto de 2024<\/p><\/a><\/div>\n        <\/div><div class=\"meta-categories  \">\n            <div class=\"meta-cats-wrap\"><a href=\"https:\/\/vrtreinamentos.com.br\/?cat=26\">\u00c1rea Mar\u00edtima<\/a><\/div>\n        <\/div><\/div><\/div><\/div><\/div><div class=\"eael-post-list-post \"><div class=\"eael-post-list-post-inner\"><div class=\"eael-post-list-thumbnail \"><a href=\"https:\/\/vrtreinamentos.com.br\/?p=2767\">\n                <img decoding=\"async\" src=\"https:\/\/vrtreinamentos.com.br\/wp-content\/uploads\/2024\/07\/female-engineer-male-production-manager-standing-modern-industrial-factory-talking-about-production-1024x683.jpg\" alt=\"\">\n            <\/a><\/div><div class=\"eael-post-list-content\"><h2 class=\"eael-post-list-title\"><a href=\"https:\/\/vrtreinamentos.com.br\/?p=2767\" >Avaliando Riscos: Identifica\u00e7\u00e3o de Pontos Cr\u00edticos em Instala\u00e7\u00f5es Industriais\u00a0<\/a><\/h2><div class=\"meta\">\n                    <span><i class=\"far fa-calendar-alt\"><\/i> 25 de julho de 2024<\/span>\n                <\/div><p>A avalia\u00e7\u00e3o de riscos \u00e9 uma pr\u00e1tica essencial para a seguran\u00e7a em...<\/p><a href=\"https:\/\/vrtreinamentos.com.br\/?p=2767\" class=\"eael-post-elements-readmore-btn\" >Leia mais<\/a><div class=\"boxed-meta\"><div class=\"author-meta\">\n            <a href=\"https:\/\/vrtreinamentos.com.br\/?author=1\" class=\"author-photo\">\n                <img alt='Avaliando Riscos: Identifica\u00e7\u00e3o de Pontos Cr\u00edticos em Instala\u00e7\u00f5es Industriais\u00a0-author' src='https:\/\/secure.gravatar.com\/avatar\/8ca81618cca3e71d78383383e431ad328c9d6464b146f680d98f30c6ad5fedfa?s=100&#038;d=mm&#038;r=g' srcset='https:\/\/secure.gravatar.com\/avatar\/8ca81618cca3e71d78383383e431ad328c9d6464b146f680d98f30c6ad5fedfa?s=200&#038;d=mm&#038;r=g 2x' class='avatar avatar-100 photo' height='100' width='100' \/>\n            <\/a>\n\n            <div class=\"author-info\"><h5><a href=\"https:\/\/vrtreinamentos.com.br\/?author=1\" title=\"Posts de Robson Neil\" rel=\"author\">Robson Neil<\/a><\/h5><a href=\"https:\/\/vrtreinamentos.com.br\/?m=20240725\"><p>25 de julho de 2024<\/p><\/a><\/div>\n        <\/div><div class=\"meta-categories  \">\n            <div class=\"meta-cats-wrap\"><a href=\"https:\/\/vrtreinamentos.com.br\/?cat=28\">\u00c1rea Industrial<\/a><\/div>\n        <\/div><\/div><\/div><\/div><\/div><\/div><\/div>\n\t\t<\/div><div data-nonce=\"44849c7597\" class=\"post-list-pagination\" data-widget-id=\"b442dbf\" data-widget=\"b442dbf\" data-page-id=\"1112\" data-class=\"Essential_Addons_Elementor\\Pro\\Elements\\Post_List\" data-args=\"orderby=date&amp;order=desc&amp;ignore_sticky_posts=1&amp;post_status=publish&amp;posts_per_page=4&amp;offset=0&amp;post_type=post&amp;tax_query%5B0%5D%5Btaxonomy%5D=category&amp;tax_query%5B0%5D%5Bfield%5D=term_id&amp;tax_query%5B0%5D%5Bterms%5D%5B0%5D=26&amp;tax_query%5B0%5D%5Bterms%5D%5B1%5D=27&amp;tax_query%5B0%5D%5Bterms%5D%5B2%5D=28&amp;tax_query%5Brelation%5D=AND&amp;author__in%5B0%5D=1\" data-settings=\"eael_post_list_post_feature_image=yes&amp;eael_post_list_post_meta=yes&amp;eael_post_list_post_title=yes&amp;eael_post_list_post_excerpt=yes&amp;eael_post_list_post_excerpt_length=12&amp;eael_post_list_pagination=yes&amp;eael_post_list_layout_type=advanced&amp;eael_post_list_post_cat=yes&amp;eael_post_list_author_meta=yes&amp;eael_post_list_title_tag=h2&amp;eael_show_read_more_button=yes&amp;eael_post_list_read_more_text=Leia+mais&amp;eael_post_list_excerpt_expanison_indicator=...&amp;eael_post_featured_image_size=large\" data-page=\"1\" data-scroll-on-pagination=\"0\" data-scroll-offset=\"100\" data-template=\"{&quot;dir&quot;:&quot;pro&quot;,&quot;file_name&quot;:&quot;advanced.php&quot;,&quot;name&quot;:&quot;Post-List&quot;}\">\n                <button class=\"btn btn-prev-post\" id=\"post-nav-prev-b442dbf\" disabled=\"true\" aria-label=\"previous\"><svg aria-hidden=\"true\" class=\"e-font-icon-svg e-fas-angle-left\" viewBox=\"0 0 256 512\" xmlns=\"http:\/\/www.w3.org\/2000\/svg\"><path d=\"M31.7 239l136-136c9.4-9.4 24.6-9.4 33.9 0l22.6 22.6c9.4 9.4 9.4 24.6 0 33.9L127.9 256l96.4 96.4c9.4 9.4 9.4 24.6 0 33.9L201.7 409c-9.4 9.4-24.6 9.4-33.9 0l-136-136c-9.5-9.4-9.5-24.6-.1-34z\"><\/path><\/svg><\/button><button class=\"btn btn-next-post\" id=\"post-nav-next-b442dbf\" aria-label=\"next\"><svg aria-hidden=\"true\" class=\"e-font-icon-svg e-fas-angle-right\" viewBox=\"0 0 256 512\" xmlns=\"http:\/\/www.w3.org\/2000\/svg\"><path d=\"M224.3 273l-136 136c-9.4 9.4-24.6 9.4-33.9 0l-22.6-22.6c-9.4-9.4-9.4-24.6 0-33.9l96.4-96.4-96.4-96.4c-9.4-9.4-9.4-24.6 0-33.9L54.3 103c9.4-9.4 24.6-9.4 33.9 0l136 136c9.5 9.4 9.5 24.6.1 34z\"><\/path><\/svg><\/button>\n\t\t\t<\/div>\t\t\t\t<\/div>\n\t\t\t\t<\/div>\n\t\t\t\t\t<\/div>\n\t\t\t\t<\/div>\n\t\t\t\t<\/div>\n\t\t","protected":false},"excerpt":{"rendered":"<p>Noticias &#038; Artigos Postagens recentes Todos\u00c1rea Mar\u00edtima\u00c1rea Portu\u00e1ria\u00c1rea Industrial Avaliando Riscos: Identifica\u00e7\u00e3o de Pontos Cr\u00edticos em Instala\u00e7\u00f5es Industriais\u00a0 25 de julho de 2024 A avalia\u00e7\u00e3o de riscos \u00e9 uma pr\u00e1tica essencial para a seguran\u00e7a em&#8230; Leia mais Robson Neil 25 de julho de 2024 \u00c1rea Industrial Estrat\u00e9gias de Preven\u00e7\u00e3o de Inc\u00eandios em Terminais Portu\u00e1rios Automatizados\u00a0 [&hellip;]<\/p>\n","protected":false},"author":1,"featured_media":0,"parent":0,"menu_order":0,"comment_status":"closed","ping_status":"closed","template":"elementor_header_footer","meta":{"_eb_attr":"","footnotes":""},"class_list":["post-1112","page","type-page","status-publish","hentry"],"_links":{"self":[{"href":"https:\/\/vrtreinamentos.com.br\/index.php?rest_route=\/wp\/v2\/pages\/1112","targetHints":{"allow":["GET"]}}],"collection":[{"href":"https:\/\/vrtreinamentos.com.br\/index.php?rest_route=\/wp\/v2\/pages"}],"about":[{"href":"https:\/\/vrtreinamentos.com.br\/index.php?rest_route=\/wp\/v2\/types\/page"}],"author":[{"embeddable":true,"href":"https:\/\/vrtreinamentos.com.br\/index.php?rest_route=\/wp\/v2\/users\/1"}],"replies":[{"embeddable":true,"href":"https:\/\/vrtreinamentos.com.br\/index.php?rest_route=%2Fwp%2Fv2%2Fcomments&post=1112"}],"version-history":[{"count":133,"href":"https:\/\/vrtreinamentos.com.br\/index.php?rest_route=\/wp\/v2\/pages\/1112\/revisions"}],"predecessor-version":[{"id":3091,"href":"https:\/\/vrtreinamentos.com.br\/index.php?rest_route=\/wp\/v2\/pages\/1112\/revisions\/3091"}],"wp:attachment":[{"href":"https:\/\/vrtreinamentos.com.br\/index.php?rest_route=%2Fwp%2Fv2%2Fmedia&parent=1112"}],"curies":[{"name":"wp","href":"https:\/\/api.w.org\/{rel}","templated":true}]}}